7, what is 46536534 - -11?
46536545
In base 3, what is 101110110 - 2210111?
21122222
In base 13, what is -1c088 - -41?
-1c047
In base 4, what is 11 + -2021310312213?
-2021310312202
In base 14, what is 1c037 - -616?
1c64d
In base 2, what is -11 + -111111001101011000010111?
-111111001101011000011010
In base 11, what is 85a4 + 1484?
9a78
In base 11, what is -1378007 + 1?
-1378006
In base 2, what is 0 - 10111000011001110000100011?
-10111000011001110000100011
In base 12, what is 7a + -12b84?
-12b06
In base 10, what is 7966 + -9168?
-1202
In base 10, what is 13 + 1314724?
1314737
In base 8, what is -174462 + -3300?
-177762
In base 2, what is -10011110011 - 1110010111100100?
-1110101011010111
In base 8, what is 511562 + 2440?
514222
In base 12, what is 52158637 - 5?
52158632
In base 13, what is 1a + 694a9?
694c6
In base 7, what is -2421102045 - -4?
-2421102041
In base 5, what is 321 + 120001143?
120002014
In base 14, what is 47d07 + -30?
47cb7
In base 10, what is -890468 + 98?
-890370
In base 5, what is -1 - -41304414111?
41304414110
In base 7, what is -13641 - 216?
-14160
In base 3, what is -20111212100120 + 1?
-20111212100112
In base 3, what is -121202112000200000 + 0?
-121202112000200000
In base 15, what is -7ae - 13c3b?
-144ea
In base 7, what is -1211633 + -20?
-1211653
In base 14, what is -68d9c - 32?
-68dd0
In base 16, what is 9 - eb676?
-eb66d
In base 11, what is -a209 - 139a?
-105a8
In base 6, what is 24512 - 210?
24302
In base 12, what is -2080b - -49?
-20782
In base 7, what is 2 - 30441416?
-30441414
In base 9, what is -884 - -51555?
50561
In base 2, what is -1110101100 + -11101000101110?
-11110111011010
In base 5, what is 4432303312 - 131?
4432303131
In base 6, what is -43334 + -1450?
-45224
In base 10, what is -8263362 + -14?
-8263376
In base 12, what is 5 + 7504a036?
7504a03b
In base 11, what is -34 + 3590?
3557
In base 8, what is 315 + 447742?
450257
In base 13, what is 5 - a34975?
-a34970
In base 14, what is -d067dd8 - -4?
-d067dd4
In base 15, what is 4 - -5d1ebbe?
5d1ebc3
In base 4, what is 2 - 33113332122?
-33113332120
In base 13, what is 5 - -20134a6b?
20134a73
In base 16, what is 13bfe2 - -b?
13bfed
In base 3, what is -11 + 10212200201222?
10212200201211
In base 7, what is -2551 - 1420525?
-1423406
In base 13, what is -1b + -178904?
-178922
In base 10, what is 316126718 + 3?
316126721
In base 11, what is a9317096 + -4?
a9317092
In base 14, what is -31682 - 4a?
-316cc
In base 10, what is -593666 + -6?
-593672
In base 2, what is 101011111010001011 - -101?
101011111010010000
In base 10, what is 43836416 + 4?
43836420
In base 3, what is 10012020201222 + -10101?
10012020121121
In base 11, what is 14 - 59a153?
-59a13a
In base 8, what is -2101022726 - 0?
-2101022726
In base 3, what is 0 - 1110111221111211?
-1110111221111211
In base 5, what is -3134110 - -340?
-3133220
In base 11, what is -1237 + 22911?
21685
In base 7, what is -1 - 2242354025?
-2242354026
In base 15, what is 5 - 554acc?
-554ac7
In base 2, what is 1001110101001010010 - 100000?
1001110101000110010
In base 12, what is -4 + -670b810?
-670b814
In base 12, what is 3 - -18142b7?
18142ba
In base 6, what is 5110430 + -5100?
5101330
In base 4, what is -1010203102 + 22?
-1010203020
In base 3, what is 1011110 + 122220020?
201001200
In base 5, what is -3 + -3024031210?
-3024031213
In base 12, what is 34072654 - -1?
34072655
In base 9, what is -675 - -247446?
246661
In base 10, what is 7192 + 381?
7573
In base 5, what is 334221023 - 120?
334220403
In base 7, what is -242134 + 44142?
-164662
In base 11, what is -12505381 + -6?
-12505387
In base 10, what is -636675 + -12?
-636687
In base 15, what is -22e9 + 4a1?
-1d48
In base 6, what is -2 - -103301400?
103301354
In base 11, what is -2443919 + -1?
-244391a
In base 9, what is 11556374 - 112?
11556262
In base 11, what is -1 - -880a556?
880a555
In base 12, what is 3a1b - -380a?
7629
In base 14, what is -45272 + c?
-45264
In base 3, what is -2120102000 + -1112201221?
-11010010221
In base 14, what is -4 + -33ca593?
-33ca597
In base 4, what is -211203303232 + 231?
-211203303001
In base 10, what is 22085216 + -2?
22085214
In base 5, what is -10202440 + 30?
-10202410
In base 6, what is 255 + -42152002?
-42151303
In base 12, what is 63235977 + -2?
63235975
In base 15, what is 8 - -52b1aa9?
52b1ab2
In base 15, what is -1040b - 1dd?
-105e9
In base 9, what is -4040 + -51105?
-55145
In base 14, what is 145 + 257c2?
25927
In base 5, what is 130030413142 + 1?
130030413143
In base 4, what is 10120011 - -22102?
10202113
In base 9, what is -14884 + -77?
-15072
In base 6, what is -1350252321 - -3?
-1350252314
In base 16, what is -7f6c - 12?
-7f7e
In base 6, what is 2342544 - -1330?
2344314
In base 13, what is -12 + 10762a?
107618
In base 11, what is 91a1 - 184a?
7452
In base 6, what is -5 + 2314010?
2314001
In base 9, what is 1 - 3032021?
-3032020
In base 13, what is 3 + 2698a761?
2698a764
In base 5, what is 2244142433 + -10?
2244142423
In base 9, what is 12663805 - 3?
12663802
In base 7, what is 0 + -1410445?
-1410445
In base 11, what is -382a + 49835?
46006
In base 6, what is -3440 - -35254?
31414
In base 4, what is 30122133 + 103112?
30231311
In base 14, what is -2 + -6ba0883?
-6ba0885
In base 16, what is 1d + 3ffcf?
3ffec
In base 13, what is 1165 - 4b470?
-4a308
In base 11, what is -119 + -57355?
-57473
In base 4, what is 102101 + 10301012?
11003113
In base 15, what is -1278 - 447a?
-5703
In base 16, what is 4b2c + 406?
4f32
In base 8, what is -15577 - 502?
-16301
In base 12, what is -154ba00 + -4?
-154ba04
In base 15, what is -8 - -26928ca?
26928c2
In base 9, what is 24 + -40830?
-40805
In base 14, what is -b4b3b01b + -4?
-b4b3b021
In base 9, what is -27655771 + 12?
-27655758
In base 5, what is 11330210043 + 34?
11330210132
In base 5, what is 10012323004 + 2?
10012323011
In base 16, what is 4 - -1561e1?
1561e5
In base 15, what is 2888d2 + -1d?
2888b4
In base 16, what is -2f03aed + -1?
-2f03aee
In base 7, what is 10524442 + 22?
10524464
In base 14, what is -44c0b + 695?
-44556
In base 13, what is -98526 - -5a?
-98499
In base 4, what is 0 - 23010330100232?
-23010330100232
In base 7, what is 112461546 - 5?
112461541
In base 5, what is -11 + -120241400?
-120241411
In base 14, what is 53331 + -75?
5329a
In base 11, what is -5969246 + 4?
-5969242
In base 14, what is 66d + -6cc?
-5d
In base 13, what is 93197 - 0?
93197
In base 16, what is d9 + 39809?
398e2
In base 7, what is -2356402 + -1512?
-2361214
In base 16, what is -48a8 + -4e4?
-4d8c
In base 2, what is -1101100111000000011100111 - -10001?
-1101100111000000011010110
In base 12, what is -50187b9 - 10?
-5018809
In base 6, what is -42014124 - -4?
-42014120
In base 16, what is d31e + -2d9?
d045
In base 14, what is 6889 - 1a89?
4c00
In base 13, what is -613 - -817c?
7869
In base 2, what is -10011101010010010111000 + -1?
-10011101010010010111001
In base 8, what is 111264 + 1023?
112307
In base 7, what is -2450034 - 3?
-2450040
In base 16, what is -78631f6 + 1?
-78631f5
In base 11, what is -3aa - 54043?
-54442
In base 7, what is -3 + 2422566250?
2422566244
In base 4, what is -10010321033001 - 1?
-10010321033002
In base 10, what is 6 - 580695?
-580689
In base 2, what is -1 + -10110000000001011001001?
-10110000000001011001010
In base 2, what is 100 - 1101000011110010111011?
-1101000011110010110111
In base 5, what is -1041332 + 10224?
-1031103
In base 3, what is 20021012112 + 2210?
20021022022
In base 13, what is -cab358 - -1?
-cab357
In base 3, what is 2101201221 - 22000?
2101102221
In base 4, what is 3230101011132 + -10?
3230101011122
In base 2, what is 100101010011010010010010 - -101?
100101010011010010010111
In base 11, what is 10 + 6a46936?
6a46946
In base 11, what is -1054825 - -3?
-1054822
In base 16, what is 1f76181 - 0?
1f76181
In base 6, what is -4 + 4221252?
4221244
In base 13, what is 0 - 1a45132?
-1a45132
In base 10, what is 383 + -294510?
-294127
In base 16, what is -4 + -6f77de8?
-6f77dec
In base 4, what is -21021302100 - -11?
-21021302023
In base 6, what is 41533102413 - 2?
41533102411
In base 13, what is 8293 - -188?
844b
In base 4, what is 0 + 1120313332211?
1120313332211
In base 12, what is -4 + 1452a366?
1452a362
In base 7, what is 1406 - 100245?
-65536
In base 3, what is 10 + -111100100